 0*o + l - o - 27. Give a(7).
-1
Let a(x) = -x**3 - 10*x**2 + 2*x + 9. Let z(o) = o**3 + 33*o**2 - 4*o - 142. Let f be z(-33). Give a(f).
-11
Let h = -124 + 134. Let f(c) = -c**2 - c**3 + 1 + 6*c**2 - h*c**2. What is f(-5)?
1
Let o(r) = -r**2 - 5*r - 4. Suppose -4*c + 132 = v + 3*v, -c + 2*v + 18 = 0. Let h = 22 - c. What is o(h)?
-10
Let o(a) = a - 13. Let h(n) = -4*n. Let k be h(-1). Suppose 3*b = 5*c - 71 + 12, 25 = k*c + 5*b. Calculate o(c).
-3
Let k(r) = -6*r**3 + 4*r**2 + r - 3. Let g be k(-1). Suppose 0 = 2*z - z - 10. Let w(i) = -i**3 - 3*i + z*i + i + 5*i**2 - 5. Calculate w(g).
7
Let h be ((-11)/9 - (-30)/135)*-7. Let d(k) be the first derivative of -k**3/3 + 9*k**2/2 - 6*k - 1. Calculate d(h).
8
Let j(l) = -2*l - 2 + 3*l + 0*l**3 + 2*l**2 + l**3. Suppose 6 = 4*k - 2*k. Let v = -5 + k. What is j(v)?
-4
Let a(x) = x**2 + 11*x + 17. Let z(y) = 2*y**2 + 19*y + 31. Let p(n) = 11*a(n) - 6*z(n). Suppose -o - 2*o + 15 = 0. What is p(o)?
11
Let g(o) = o**3 - 5*o**2 + 5*o - 2. Let u(s) = s**3 - 8*s**2 + 4. Let w be u(8). Let t be g(w). Let c be (3 + 1)/t*-2. Let m(n) = -n + 3. Calculate m(c).
7
Let q(i) = -3*i**2 - 2*i + 2. Let s = 26 + -4. Let w = -24 + s. Determine q(w).
-6
Suppose 4*z - 8 - 13 = -t, 17 = 3*z + t. Suppose -4*i + 2*i = -3*u + 16, -z*u + 19 = -5*i. Let d(h) = h**2 - 8*h + 8. Calculate d(u).
-4
Let i(u) = -2*u + 11. Let d be 435/290 + 1/(-2)*-11. Calculate i(d).
-3
Let d(p) be the first derivative of -p**3/2 - p**2 + 23*p + 4. Let a(u) be the first derivative of d(u). Determine a(-5).
13
Let r = 833 - 831. Let o(l) be the first derivative of -1/3*l**3 - 3*l**r + 3 + 8*l. What is o(-7)?
1
Let v(x) = -3*x**2 - 5*x - 2. Let m = -202 - -199. What is v(m)?
-14
Suppose q = 3*t + 7, -2*q + 3*q = 5*t + 13. Let o(r) = -2*r**2 - r. Let a(x) = 7*x**2 + x - 3. Let g(w) = a(w) + 4*o(w). Determine g(q).
-1
Let f(k) = k**2 + 6*k. Let s = 295 - 301. Give f(s).
0
Let h(w) = 3*w - 3. Let p be h(3). Suppose 0 = g - 2*g + 3. Let m(q) = -2 + 0*q - g*q + 2*q + 0. Determine m(p).
-8
Let g(d) = d**2 - 10*d + 13. Let t be g(9). Suppose t*v - 16 = -3*m, 5*m - 31 = -5*v - 1. Let y(o) = o**3 - 8*o**2 - o - 5. Calculate y(m).
-13
Let v(n) = 18*n**2 + 2*n + 1. Let f be v(-1). Let m = 9 - f. Let z(y) = y**3 + 8*y**2 - 3. What is z(m)?
-3
Let j(v) = -v + 6. Suppose 109 = 4*w - 5*q, 0 = 4*w - q + 2*q - 79. Suppose 0 = -3*z + 3*d - 21, 0 = 2*z + z - d + w. Calculate j(z).
13
Suppose -21 = -d - 13. Let a = 14 - d. Let b(g) = -3*g - 1. Determine b(a).
-19
Let o(u) = -u**2 + 7*u - 15. Let y be 16/(-24) - 23/9*-3. Calculate o(y).
-15
Let f(w) = -2*w**3 + 3*w**3 + 2 - 46*w**2 + 93*w**2 + 4 - 62*w**2. Determine f(15).
6
Let d(k) = 5*k**3 - 5*k**2 + k + 7. Let p(i) = 7*i**3 - 5*i**2 + 2*i + 8. Let z(a) = -4*d(a) + 3*p(a). Calculate z(-4).
4
Let h be (-15)/6*-8*5/20. Let q(w) = -2*w**2 + 9*w + 7. Determine q(h).
2
Let f(k) = -k**3 + 19*k**2 + 21*k - 21. Let l be f(20). Let g(z) = 2*z**3 - z**2 - z. Let n be g(l). Let c(q) = 4*q**2 - q. Give c(n).
18
Let r = 59 + -59. Let a(k) = -k**3 + k**2 - k - 46. Determine a(r).
-46
Let y(p) be the third derivative of -p**5/60 - p**4/24 + p**3/6 + 25*p**2. Let w = 17 + -16. Determine y(w).
-1
Let n = 101 - 89. Suppose w = n*w + 33. Let v(x) = -2*x - 3. Give v(w).
3
Let h = -126 + 199. Let c(q) = -h - 63 + 3*q**2 + 135 - 2*q**3. Let l be 16/7 - 2/7. Give c(l).
-5
Suppose -3*k + 6 = 3*i, 4 = 8*i - 9*i - 3*k. Let f(d) be the first derivative of -i - 1/2*d**2 + 2*d. Determine f(-2).
4
Suppose 3*z = -4*n + 6, 2*n + 3*n = -5*z + 10. Let l(u) = 0*u + 3 - z*u - 2. Determine l(1).
-1
Let y(t) be the first derivative of -t**4/4 + 3*t**3 - 5*t**2/2 - 15*t - 8. Let v be y(8). Suppose v*f = 5*f + 8. Let o(q) = -4*q. What is o(f)?
-8
Suppose -t - 3*t + 5*r + 22 = 0, -2*t + 5*r + 16 = 0. Let j(i) be the second derivative of 0 + t*i + 1/6*i**3 + 0*i**2. Calculate j(6).
6
Let s = -1 - 6. Let r(y) = 22*y - 1. Let u(l) = 7*l - 2. Let n(v) = -r(v) + 3*u(v). What is n(s)?
2
Let g(h) = -3*h + 4*h**2 - 5 + 5 + h**3 + 6. Let z be g(-5). Let t(n) = 2 - 171*n**2 - n**3 - 173*n**2 + 0*n**3 + 518*n**2 - 179*n**2. Give t(z).
-14
Let k(r) be the third derivative of r**6/120 + r**5/5 + r**4/24 + 4*r**3/3 + 74*r**2. Calculate k(-12).
-4
Let y(f) = 3*f**2 + 4*f + 6. Let a(o) = -7*o**2 - 8*o - 12. Let w(r) = -2*a(r) - 5*y(r). Let t = 7 + -10. Let s(n) = -n**2 - 3*n - 4. Let q be s(t). Give w(q).
-6
Suppose 0 = -63*b - 5*b - 272. Let k(l) = -2*l - 15. Determine k(b).
-7
Let c(y) = -7*y**3 + 28*y - y**2 - 23*y - 3 - 2*y + 5*y**3. Let w(j) = j - 1. Let k be w(3). What is c(k)?
-17
Let b(x) = x**2 + 3*x + 1. Suppose -s + 6 = -4*s. What is b(s)?
-1
Let v(l) = -2*l - 9. Suppose 31 = 15*z + 181. Calculate v(z).
11
Let l(o) = -4*o**3 + 2*o + 1. Let t = 83 - 84. Calculate l(t).
3
Let r be 0/(5 + -5 + -1). Let w(v) = v**3 - 2*v**2 + v - 11. Let c be w(r). Let o(m) = -m - 14. Determine o(c).
-3
Let v = 1396 - 467. Let o(n) = v + n - 464 - 466. Calculate o(-3).
-4
Let s(q) = 15*q**2 + q - 92 + 80 - 14*q**2. What is s(0)?
-12
Let k = 4 - 2. Let w(z) be the third derivative of -2*z**2 + 0*z + 1/6*z**3 - 1/12*z**4 + 0. Calculate w(k).
-3
Let i(u) = -u + 1. Let h be (4 + -2)/(22/(-121)). Let g = h + 8. Calculate i(g).
4
Let l = 57 - 11. Let f = 50 - l. Let g(c) = -c**3 + 3*c**2 + 4*c - 1. Determine g(f).
-1
Let x(i) = -i**2 - i + 3. Let z = -12 + 13. Let g(m) = -2*m**2 - 2*m**2 + 3*m**2 + z + 6*m + 2*m**2. Let v be g(-5). What is x(v)?
-9
Let t(y) = -y + 5. Let u(a) = -5*a + 38. Let h(z) = -6*t(z) + u(z). What is h(-11)?
-3
Let p(i) = i**2 - i - 3. Let s = -27 + 30. Let r be p(s). Let t(m) = -m**3 + 3*m**2 + 2*m - 4. Give t(r).
2
Let v(w) = w**3 + 5*w**2 + 4*w + 1. Let p(m) = -1. Let x(a) = -3*a + 2. Let k(u) = 3*p(u) + x(u). Let i be k(1). What is v(i)?
1
Let q(d) be the second derivative of -d**4/24 - 2*d**3/3 - 9*d**2 - 10*d. Let u(p) be the first derivative of q(p). Calculate u(0).
-4
Let d(r) = -14*r - 33. Let b(c) = 5*c + 10. Let o(m) = -7*b(m) - 2*d(m). Calculate o(3).
-25
Let y be (-2 + 1)*3 - (-1 + -7). Let a(f) = -15*f**3 - 3*f**3 + y*f**3. Determine a(-1).
13
Let w be (-12)/(-9) - 1 - (-17)/(-60). Let i(b) be the second derivative of 1/6*b**4 - w*b**5 + 4*b - 2*b**2 + 1/2*b**3 + 0. What is i(3)?
-4
Let b(r) = r**3 - 3*r**2 - r - 4. Suppose -3*x + 73 + 90 = -5*a, 3*x - 143 = -5*a. Suppose 46*d - x*d = -20. Determine b(d).
8
Let m = 139 + -135. Let q be -2 - (3 - m) - (-6 - -2). Let k(n) be the first derivative of -n**4/4 + n**3 + n**2 - 4*n + 1. Determine k(q).
2
Let r(n) = 3*n - 3 - 5*n + 0*n. Suppose 0 + 3 = -j + 3*t, 4*j + 4*t - 20 = 0. Determine r(j).
-9
Suppose -9*n = 3*n - 60. Let b(u) be the first derivative of -3*u - 1/2*u**2 - 1. Give b(n).
-8
Let v(s) = -s**3 + 5*s**2 + 3*s + 1. Let f be 1/(-2*7/(-42)). Determine v(f).
28
Let c be (-9)/2*4/(-6). Suppose 5*o = -5*u - 20, -3*o = 3*u + 2*u + 12. Let r(v) = -5*v + 3 + u*v + 3*v. Determine r(c).
-3
Suppose -22*q = -96 - 58. Let b(c) = -c + 3. Determine b(q).
-4
Let s(n) = 18 + n**2 + 12 - 2*n - 26. Suppose -2 = -3*j + 10, -5*f + 3*j = -13. What is s(f)?
19
Let l(n) = -123*n**3 + 124*n**3 + 11*n**2 + 33 - 39 - 13*n. What is l(-12)?
6
Let j(b) = 5*b**3 - 12*b**2 + 2*b - 11. Let m(w) = -6*w**3 + 13*w**2 - 2*w + 12. Let a(z) = -5*j(z) - 4*m(z). Determine a(8).
-9
Let s be (-43 - -47)/(-2 - (-20)/6). Let d(q) = -q**3 + 4*q**2 - 6*q + 1. Determine d(s).
-8
Let i(j) be the third derivative of -j**6/120 + j**5/20 - j**4/6 + j**3/3 - 2*j**2 - 72*j. Determine i(3).
-10
Let r(q) = 2*q + 6. Let k(t) = -5*t - 13. Let p(x) = -3*k(x) - 7*r(x). What is p(5)?
2
Let s(r) = 2*r - 6. Let l(u) = -2*u**2 - 15*u - 14. Let d be (18/(-21))/((1/(-7))/(-1)). Let h be l(d). Give s(h).
2
Let w(g) = g**3 - 7*g**2 + 6*g - 4. Let m be (-3)/(9/2) + 240/36. Give w(m).
-4
Let v(s) = 6*s + 2. Let u(f) = -5*f + 40. Let q(a) = -6*a + 41. Let x(r) = 2*q(r) - 3*u(r). Let z be x(12). What is v(z)?
-10
Let m(l) = l + 6. Suppose -z - 2 + 4 = 0. Suppose o + z*o = -21. Give m(o).
-1
Let f(p) = -2*p**2 + 42*p - 4. Suppose 20 = 4*u, -19*t + 24*t - 5*u - 80 = 0. What is f(t)?
-4
Let x = -36 + 38. Let f(p) = 4*p - 2. Let r(w) = 8*w - 3. Let i(j) = 5*f(j) - 3*r(j). Determine i(x).
-9
Let j(k) = 4*k - 7. Let d(q) = -5*q + 6. Let b(f) = -3*d(f) - 4*j(f). Suppos